 + 24 + -26?
0
Evaluate -3 + 5 - 6 - -6.
2
What is the value of -1 + -2 - (-25 + 31)?
-9
Calculate (4 - 0) + 17 + (6 - 22).
5
Evaluate 2 - (0 - 0) - (4 + -2).
0
Calculate -5 + (-3 - -4) + 10.
6
What is 9 - (-4 + 5 - -4)?
4
2 + -4 + 2 + (-1 - -1)
0
Evaluate -5 + (10 - 9) - 6.
-10
What is the value of 9 + (0 - 4) - -2?
7
-3 + 1 + 1 + (1 - 0)
0
-8 - -10 - (1 - -4) - -5
2
1 - -4 - (2 + -3 + 12)
-6
What is the value of (-1 + -6 - -13) + -1 + 2?
7
What is 1 + 2 - (1 + -1)?
3
What is the value of -1 + (-4 - -8 - (2 - -6))?
-5
Calculate 5 + (-3 - (-4 + 4 + -2)).
4
-24 - -10 - -9 - 0
-5
Evaluate 0 + (0 - 2) + (-16 - -14).
-4
Calculate -4 - (4 + -21) - 10.
3
(-13 + 6 - 5) + 10
-2
What is the value of (-9 - -6 - (4 + -5)) + -6?
-8
Calculate (-15 - -9) + 9 - 9.
-6
(1 - (3 + -1)) + -10 + 10
-1
Evaluate 1 + -3 + -43 + 45.
0
-11 + 6 - 0 - -5
0
What is the value of (3 - 1) + 1 - (-16 - -21)?
-2
Evaluate -3 + (-5 - (5 - 12)) + -5.
-6
Calculate 7 + -9 - (-7 + 1).
4
-3 + (10 + -5 - 9)
-7
Calculate 4 + (-3 - (7 + -9)).
3
Calculate 7 - 5 - -4 - 5.
1
What is (15 - 9) + 1 + 0?
7
Evaluate 1 + (6 + (-6 - -6) - 4).
3
What is (-2 - 0) + 9 + -5?
2
What is the value of (1 - -3) + -12 + 6 + 2?
0
What is the value of 2 + (4 - -1) + 1 + 0?
8
Evaluate -4 - (1 + -8) - -1.
4
What is 0 + 4 - (3 - (2 - 2))?
1
Calculate -8 + 13 + (5 - 10) + -6.
-6
Evaluate -7 + 0 - (6 + -11).
-2
What is (2 + 0 - 6 - -4) + 2?
2
Evaluate -1 + (-2 - 0) + 3 + -2.
-2
Evaluate (-14 - (-4 - (3 - 0))) + 6.
-1
What is the value of (-2 - -3) + -2 + 4 + 2?
5
Evaluate 6 + -2 - 1 - (-19 + 23).
-1
What is the value of -9 - (-9 + -4 + -1)?
5
What is the value of -1 + (8 - (5 - -6))?
-4
What is the value of (-10 - -7) + 10 + 3?
10
Calculate -1 - (-3 - (1 - 6)) - -2.
-1
What is the value of -4 + (4 + -3 + -1 - -4)?
0
Calculate 1 + -2 + 0 + -22 + 16.
-7
What is (-20 - (-10 - 16)) + -1 + 4?
9
What is the value of 0 + 2 - 5 - (-7 + 6)?
-2
Evaluate 8 + -2 - (3 - 0).
3
What is the value of (-5 - -7) + 9 - 6?
5
Calculate (18 - 13) + -1 + -3.
1
Calculate 6 - 1 - 3 - 5.
-3
What is -7 + 7 + 6 - (9 - 3)?
0
What is ((5 - 4) + 2 - 3) + 2?
2
What is the value of 4 + 0 + (2 - 2)?
4
Evaluate 0 + -3 + 0 + -1 + 2.
-2
What is the value of (4 - 3) + (25 - 24)?
2
4 + -1 - (3 - (3 + -4))
-1
What is the value of -3 + 3 - (3 + -3)?
0
Evaluate -4 + -1 + 2 - (-2 - 5).
4
Calculate 0 + -7 + (28 - 24).
-3
Evaluate -12 + 10 - 3 - (1 + -8).
2
Calculate (2 + -2 + 1 - -4) + -1.
4
What is the value of 3 - (16 + -11 - -5)?
-7
0 + 7 - 14 - -4
-3
What is -7 - (-5 + (-3 - -1))?
0
Calculate -6 + 2 + (5 - -5).
6
What is the value of 7 + 0 + -2 + -4?
1
Calculate 48 + -48 + -7 + -1.
-8
Calculate -2 + 0 + 0 + 0.
-2
What is the value of 5 + -3 + 5 + -2?
5
Calculate (1 - (-12 - -3)) + -14.
-4
What is the value of -10 + 9 + 9 - 9?
-1
What is the value of 71 + -68 + 1 + -4?
0
Calculate 5 + (-9 - -15) + -14.
-3
What is the value of -10 + (-8 - (5 + -12)) + 4?
-7
Evaluate -2 + 0 + 0 - -6.
4
What is the value of -4 - (-2 + -2 + 17) - -8?
-9
Calculate 10 - (12 + -17) - 9.
6
What is 5 - ((0 - -12) + -3)?
-4
What is the value of 3 + 3 + -8 - -5?
3
What is -4 - (4 - (2 + 6))?
0
What is the value of -1 + -4 + -12 + 34 + -10?
7
What is -33 + 33 - (0 - -1 - 7)?
6
Evaluate -1 + (-4 + 12 - 11).
-4
Evaluate (-1 + -6 - (38 + -43)) + 3.
1
What is the value of 7 - 4 - (4 - (7 + -1))?
5
Calculate 3 + -6 + (-6 - 0) + 3.
-6
Calculate 0 + (-5 - -4 - 0 - -2).
1
2 + 5 + -2 + -6 + 1
0
What is -1 + (-2 - (7 - 6)) - 2?
-6
1 + (-6 - (-2 - 1)) + 0
-2
What is 5 - (8 + -8 - -9)?
-4
Evaluate 1 + (6 - 4) - -1.
4
Evaluate (-1 - 5) + -2 + 4 + -1.
-5
2 + -3 - -3 - (5 + 1)
-4
Calculate -5 + (4 - (-5 - -3)).
1
4 + 6 - 15 - (-14 + -2)
11
What is 4 - (0 - 3) - 2?
5
-2 + 4 + (-4 - -2) + -3
-3
Calculate (-7 - 0) + (0 - 4 - -19).
8
5 + -6 + 2 + -3
-2
4 + (11 - (11 - -11))
-7
What is the value of -8 + (-6 - -12) + 2?
0
What is the value of -2 + -5 - (0 + -2)?
-5
What is (2 - -2) + -3 - 4?
-3
Calculate 9 - (7 - 11 - -12).
1
Calculate -1 - (8 - (7 + -3)).
-5
What is -12 + 7 - ((-3 - -4) + -1)?
-5
What is the value of -2 - (12 + -8 - (3 + 2))?
-1
-30 + 29 - (0 - (-3 - 1))
-5
What is the value of (-4 - 0) + (2 - (-4 - -6))?
-4
What is the value of -3 - (-3 - 0 - 3)?
3
Calculate (3 - (5 + 2)) + 3 + -4.
-5
What is -4 + 3 + (0 - 3)?
-4
What is (-3 - (-5 + -2)) + -4?
0
What is -97 + 95 - (0 + (0 - -6))?
-8
Evaluate 7 + -6 + -4 + -1.
-4
What is the value of 0 - (0 - (-2 + 1))?
-1
Calculate -3 + (-3 - 0) - 1.
-7
Calculate 1 + -1 + 28 + -26.
2
4 - 9 - (3 - -2)
-10
What is 2 - 5 - ((-13 - -2) + 0)?
8
(70 - 78) + (-1 - -2 - -6)
-1
Calculate 8 - (2 - (-5 + 4)).
5
What is the value of (-2 - 5) + 9 - 8?
-6
Evaluate 1 + (-1 - 3) + -1.
-4
What is the value of 12 + -2 + -3 + -6?
1
(-6 - (-2 + 0)) + 23 + -18
1
Evaluate -14 - -25 - (7 - 3).
7
Calculate -2 + 7 + 5 + -9.
1
-3 - (4 - (5 - -1))
-1
Calculate 6 + (-5 - (-8 - -5)).
4
Evaluate -4 + 7 + -2 - -1.
2
2 + (-3 - (0 - (-3 - -3)))
-1
What is 7 + -4 - (9 - -10 - 12)?
-4
Calculate 7 - (-4 + (14 - -1)).
-4
3 + (1 - (6 + -4 - -2))
0
What is the value of -1 + -4 + 9 + -10 + 2?
-4
(-1 - -2) + 5 + -2 + 0
4
What is the value of 1 + 0 + (32 - 32) - 2?
-1
11 + -5 - (0 + -2 - -9)
-1
Evaluate (-3 + 5 - -3) + 38 + -49.
-6
Calculate -5 + (2 - 4) - (2 + -1).
-8
Evaluate 0 + 14 + (-72 - -62).
4
4 - ((3 + 7 - -2) + 0)
-8
What is 5 - ((-1 - 4) + 9 + -1)?
2
Evaluate -8 + -5 + 4 + 11.
2
What is the value of (5 - (0 - -6 - -5)) + 3?
-3
Evaluate -2 + (1 - (5 + -6)).
0
Calculate 9 + 3 - (1 - -6).
5
Evaluate -4 - (-3 + 6 - (-3 - -6)).
-4
Calculate 0 + -1 + 2 + (-3 - 2).
-4
Calculate -11 + 22 + (10 - 19).
2
Evaluate -3 - (-4 + 1) - -4.
4
-2 + ((0 - 3) + 3 - -4)
2
-10 + (0 - 8) + 11
-7
What is (47 + -41 - (-1 + 1)) + -3?
3
Calculate (-14 - -5 - -15) + 0.
6
Calculate 58 + -50 + 3 + (-3 - 0).
8
What is the value of 8 - (-9 + 10 + 6)?
1
Calculate 3 + 0 + (3 - 9).
-3
Evaluate 0 - -4 - (-1 + 0 + -1).
6
What is -9 - (2 + (-5 - 5))?
-1
What is the value of -2 - 0 - -11 - (3 - -2)?
4
4 - (-2 - (2 + 0) - -6)
2
-21 - -23 - (0 - -1) - 3
-2
-5 - (2 - (2 - -2))
-3
0 - (-2 - (1 + -9)) - -1
-5
What is -5 + 2 + (0 - 1)?
-4
Calculate -1 - (-6 + -5 - -5).
5
What is the value of 5 - 10 - (-2 + 0 - 7)?
4
Calculate 22 - 11 - 15 - (0 - 0).
-4
What is (49 + -45 - (5 + 1)) + -6?
-8
What is the value of (0 - 9) + 5 + 2 + 3?
1
What is -1 + (0 - 1 - (-17 + 11))?
4
Evaluate 5 + -1 - (4 + 4).
-4
Calculate 1 - (3 + -8) - (1 - -1).
4
Evaluate 0 + (7 - 4 - 7) + 5.
1
Evaluate -5 + -3 + 4 - -4.
0
What is 1 + (-4 - (1 - 5))?
1
What is (-21 - -16) + (-1 - -8)?
2
What is the value of (2 - 3) + -1 + 7?
5
What is the value of (34 - 36) + 0 + 5?
3
Evaluate -1 - (-4 - (2 + -5)).
0
Calculate -2 + (-2 - 0) - -2.
-2
What is the value of -2 + (4 - 0 - 2) + 1?
1
21 + -9 - (11 + 1)
0
18 - (6 + (12 - 8))
8
What is 1 - (-1 - (-1 + -3 + -1))?
-3
What is (2 - 4) + (8 - (-5 - -4))?
7
What is (-3 - -4) + (0 - (0 - -2))?
-1
1 + -1 + (-3 - 0)
-3
1 + -2 + 6 + 2
7
-5 + 1 + -1 + (14 - 6)
3
Evaluate (10 - 9 - 5) + (-2 - -11).
5
What is the value of -1 - 0 - (7 + 2 + -6)?
-4
What is (7 - (-5 + 2)) + -18?
-8
-4 - ((-11 - 5) + 9)
3
Evaluate -5 - (1 + -2) - (15 + -14).
-5
Calculate (-4 - 6) + (-24 - -29).
-5
Calculate (-4 + 4 - 2) + (13 - 8).
3
Calculate 0 - ((5 - 5) + 1 + 5).
-6
Evaluate 3 + -1 + 0 - 4 - 0.
-2
5 + -9 - (-8 - 4)
8
Evaluate 11 - 17 - (1 + -8) - 3.
-2
What is 0 - (2 + 2 + -4 + 3)?
-3
Evaluate 8 + 2 + -8 - 6.
-4
What is the value of 2 + (-7 - -5) + 1 + 0?
1
What is 4 + -12 + 2 + (-9 - -5)?
-10
What is (30 - 30) + (-1 - 2)?
-3
Calculate -5 + -2 + -3 + 6.
-4
What is the value of -12 + -12 + 5 + 27?
8
What is the value of 1 + 5 + -20 + 3 + 6?
-5
2 + 0 + -5 + 0 + 7
4
1 + 2 + -4 - -5
4
(8 - 12) + -9 - -13
0
What is -1 - -4 - (-2 + 5 - 0)?
0
What is the value of -3 + (0 - 1) - (49 - 48)?
-5
What is the value of 3 + (8 - 3) - (-4 + 9)?
3
What is 3 - 1 - (-7 - (11 - 19))?
1
Evaluate -69 - -63 - (-1 + -7).
2
What is -3 - ((-1 - 3) + 4 - 3)?
0
What is (-6 - (-11 - -7)) + -8 + 5?
-5
What is -8 + 12 - (-4 - -1)?
7
Evaluate -3 - (-2 + (10 - 3)).
-8
0 - 0 - (-4 + 7 + -6)
3
What is the value of -3 + 12 + 3 + -10 + 2?
4
Calculate 6 - ((-2 - (2 - 8)) + -1).
3
What is (6 - (5 + (-4 - -3))) + 3?
5
Evaluate 0 + 0 - -1 - (20 + -19).
0
What is the value of (17